{"id":13508,"date":"2020-06-09T15:18:40","date_gmt":"2020-06-09T13:18:40","guid":{"rendered":"https:\/\/zeefora.com\/playmais\/?post_type=product&#038;p=13508"},"modified":"2020-06-09T15:24:51","modified_gmt":"2020-06-09T13:24:51","slug":"cortex-kids-ljubicasti","status":"publish","type":"product","link":"https:\/\/zeefora.com\/playmais\/prodavnica\/drustvene-igre\/cortex-kids-ljubicasti\/","title":{"rendered":"CORTEX Kids ljubi\u010dasti"},"content":{"rendered":"","protected":false},"excerpt":{"rendered":"<p><strong>Cortex izazov<\/strong> prodat je u milionima primeraka i dobitnik je Mensa nagrade. Svaka kutija sadr\u017ei 8 razli\u010ditih igrica kao \u0161to su <em>testovi dodira, logi\u010dke serije, duplikati, lavirinti, zagonetke<\/em> i dr. Za 2 do 6 igra\u010da starijih od 6 godina.<\/p>\n<p><strong>CORTEX<\/strong> <b>Kids <\/b>ljubi\u010dasto pakovanje sadr\u017ei slede\u0107e zagonetke: <span style=\"display: inline !important; float: none; background-color: #ffffff; color: #212529; font-family: -apple-system,BlinkMacSystemFont,'Segoe UI',Roboto,'Helvetica Neue',Arial,sans-serif,'Apple Color Emoji','Segoe UI Emoji','Segoe UI Symbol','Noto Color Emoji'; font-size: 16px; font-style: italic; font-variant: normal; font-weight: 400; letter-spacing: normal; orphans: 2; text-align: left; text-decoration: none; text-indent: 0px; text-transform: none; -webkit-text-stroke-width: 0px; white-space: normal; word-spacing: 0px;\">memorija, lavirint, izbaci uljeza, koordinacija, duplikati, u\u010destalost, uklapanja i izazov dodira<\/span> (10 reljefnih karata).<\/p>\n<p><em>Ba\u0161 dobar poklon za de\u010dake i devoj\u010dice!<\/em><\/p>\n<p><strong>Napomena<\/strong>: Cortexi se mogu kombinovati \u2013 spajanjem 2 ili vi\u0161e Cortexa udvostru\u010dujete zabavu!<\/p>\n<p>\u2705 90 karata sa izazovima<\/p>\n<p>\u2705 24 dela puzzle u obliku mozga (1 mozak \u010dine 4 puzzle)<\/p>\n<p>\u2705 Instrukcije na srpskom jeziku<\/p>\n<p>\u2705 Prose\u010dno trajanje partije je 15 minuta. Pogodno za 2 do 8 igra\u010da. Dimenzije: 14x14x4.5 cm<\/p>\n<p>&nbsp; &#8230;<\/p>\n","protected":false},"featured_media":13511,"menu_order":2,"template":"","meta":{"_acf_changed":false,"inline_featured_image":false,"_exactmetrics_skip_tracking":false,"_exactmetrics_sitenote_active":false,"_exactmetrics_sitenote_note":"","_exactmetrics_sitenote_category":0},"product_brand":[],"product_cat":[51],"product_tag":[],"class_list":{"0":"post-13508","1":"product","2":"type-product","3":"status-publish","4":"has-post-thumbnail","6":"product_cat-drustvene-igre","8":"first","9":"instock","10":"shipping-taxable","11":"purchasable","12":"product-type-simple"},"acf":[],"yoast_head":"<!-- This site is optimized with the Yoast SEO plugin v25.4 - https:\/\/yoast.com\/wordpress\/plugins\/seo\/ -->\n<title>CORTEX Kids ljubi\u010dasti - Zeefora<\/title>\n<meta name=\"description\" content=\"Izazov za mozak - dru\u0161tvena igra CORTEX! 8 razli\u010ditih mozgalica za klince starije od 8 godina - 90 karata, 24 dela mozak puzzle i uputstvo na sprskom.\" \/>\n<meta name=\"robots\" content=\"index, follow, max-snippet:-1, max-image-preview:large, max-video-preview:-1\" \/>\n<link rel=\"canonical\" href=\"https:\/\/zeefora.com\/playmais\/prodavnica\/drustvene-igre\/cortex-kids-ljubicasti\/\" \/>\n<meta property=\"og:locale\" content=\"sr_RS\" \/>\n<meta property=\"og:type\" content=\"article\" \/>\n<meta property=\"og:title\" content=\"CORTEX Kids ljubi\u010dasti - Zeefora\" \/>\n<meta property=\"og:description\" content=\"Izazov za mozak - dru\u0161tvena igra CORTEX! 8 razli\u010ditih mozgalica za klince starije od 8 godina - 90 karata, 24 dela mozak puzzle i uputstvo na sprskom.\" \/>\n<meta property=\"og:url\" content=\"https:\/\/zeefora.com\/playmais\/prodavnica\/drustvene-igre\/cortex-kids-ljubicasti\/\" \/>\n<meta property=\"og:site_name\" content=\"Zeefora\" \/>\n<meta property=\"article:modified_time\" content=\"2020-06-09T13:24:51+00:00\" \/>\n<meta property=\"og:image\" content=\"https:\/\/zeefora.com\/playmais\/wp-content\/uploads\/2020\/06\/3333-1.jpg\" \/>\n\t<meta property=\"og:image:width\" content=\"312\" \/>\n\t<meta property=\"og:image:height\" content=\"319\" \/>\n\t<meta property=\"og:image:type\" content=\"image\/jpeg\" \/>\n<meta name=\"twitter:card\" content=\"summary_large_image\" \/>\n<script type=\"application\/ld+json\" class=\"yoast-schema-graph\">{\"@context\":\"https:\/\/schema.org\",\"@graph\":[{\"@type\":\"WebPage\",\"@id\":\"https:\/\/zeefora.com\/playmais\/prodavnica\/drustvene-igre\/cortex-kids-ljubicasti\/\",\"url\":\"https:\/\/zeefora.com\/playmais\/prodavnica\/drustvene-igre\/cortex-kids-ljubicasti\/\",\"name\":\"CORTEX Kids ljubi\u010dasti - Zeefora\",\"isPartOf\":{\"@id\":\"https:\/\/zeefora.com\/playmais\/#website\"},\"primaryImageOfPage\":{\"@id\":\"https:\/\/zeefora.com\/playmais\/prodavnica\/drustvene-igre\/cortex-kids-ljubicasti\/#primaryimage\"},\"image\":{\"@id\":\"https:\/\/zeefora.com\/playmais\/prodavnica\/drustvene-igre\/cortex-kids-ljubicasti\/#primaryimage\"},\"thumbnailUrl\":\"https:\/\/zeefora.com\/playmais\/wp-content\/uploads\/2020\/06\/3333-1.jpg\",\"datePublished\":\"2020-06-09T13:18:40+00:00\",\"dateModified\":\"2020-06-09T13:24:51+00:00\",\"description\":\"Izazov za mozak - dru\u0161tvena igra CORTEX! 8 razli\u010ditih mozgalica za klince starije od 8 godina - 90 karata, 24 dela mozak puzzle i uputstvo na sprskom.\",\"breadcrumb\":{\"@id\":\"https:\/\/zeefora.com\/playmais\/prodavnica\/drustvene-igre\/cortex-kids-ljubicasti\/#breadcrumb\"},\"inLanguage\":\"sr-RS\",\"potentialAction\":[{\"@type\":\"ReadAction\",\"target\":[\"https:\/\/zeefora.com\/playmais\/prodavnica\/drustvene-igre\/cortex-kids-ljubicasti\/\"]}]},{\"@type\":\"ImageObject\",\"inLanguage\":\"sr-RS\",\"@id\":\"https:\/\/zeefora.com\/playmais\/prodavnica\/drustvene-igre\/cortex-kids-ljubicasti\/#primaryimage\",\"url\":\"https:\/\/zeefora.com\/playmais\/wp-content\/uploads\/2020\/06\/3333-1.jpg\",\"contentUrl\":\"https:\/\/zeefora.com\/playmais\/wp-content\/uploads\/2020\/06\/3333-1.jpg\",\"width\":312,\"height\":319,\"caption\":\"cortex-drustvena-igra-zeefora-playmais\"},{\"@type\":\"BreadcrumbList\",\"@id\":\"https:\/\/zeefora.com\/playmais\/prodavnica\/drustvene-igre\/cortex-kids-ljubicasti\/#breadcrumb\",\"itemListElement\":[{\"@type\":\"ListItem\",\"position\":1,\"name\":\"Home\",\"item\":\"https:\/\/zeefora.com\/playmais\/\"},{\"@type\":\"ListItem\",\"position\":2,\"name\":\"Proizvodi\",\"item\":\"https:\/\/zeefora.com\/playmais\/shop\/\"},{\"@type\":\"ListItem\",\"position\":3,\"name\":\"CORTEX Kids ljubi\u010dasti\"}]},{\"@type\":\"WebSite\",\"@id\":\"https:\/\/zeefora.com\/playmais\/#website\",\"url\":\"https:\/\/zeefora.com\/playmais\/\",\"name\":\"Zeefora\",\"description\":\"\",\"publisher\":{\"@id\":\"https:\/\/zeefora.com\/playmais\/#organization\"},\"potentialAction\":[{\"@type\":\"SearchAction\",\"target\":{\"@type\":\"EntryPoint\",\"urlTemplate\":\"https:\/\/zeefora.com\/playmais\/?s={search_term_string}\"},\"query-input\":{\"@type\":\"PropertyValueSpecification\",\"valueRequired\":true,\"valueName\":\"search_term_string\"}}],\"inLanguage\":\"sr-RS\"},{\"@type\":\"Organization\",\"@id\":\"https:\/\/zeefora.com\/playmais\/#organization\",\"name\":\"Zeefora\",\"url\":\"https:\/\/zeefora.com\/playmais\/\",\"logo\":{\"@type\":\"ImageObject\",\"inLanguage\":\"sr-RS\",\"@id\":\"https:\/\/zeefora.com\/playmais\/#\/schema\/logo\/image\/\",\"url\":\"https:\/\/zeefora.com\/playmais\/wp-content\/uploads\/2018\/08\/PlayMais_Logo_sm.png\",\"contentUrl\":\"https:\/\/zeefora.com\/playmais\/wp-content\/uploads\/2018\/08\/PlayMais_Logo_sm.png\",\"width\":278,\"height\":94,\"caption\":\"Zeefora\"},\"image\":{\"@id\":\"https:\/\/zeefora.com\/playmais\/#\/schema\/logo\/image\/\"}}]}<\/script>\n<!-- \/ Yoast SEO plugin. -->","yoast_head_json":{"title":"CORTEX Kids ljubi\u010dasti - Zeefora","description":"Izazov za mozak - dru\u0161tvena igra CORTEX! 8 razli\u010ditih mozgalica za klince starije od 8 godina - 90 karata, 24 dela mozak puzzle i uputstvo na sprskom.","robots":{"index":"index","follow":"follow","max-snippet":"max-snippet:-1","max-image-preview":"max-image-preview:large","max-video-preview":"max-video-preview:-1"},"canonical":"https:\/\/zeefora.com\/playmais\/prodavnica\/drustvene-igre\/cortex-kids-ljubicasti\/","og_locale":"sr_RS","og_type":"article","og_title":"CORTEX Kids ljubi\u010dasti - Zeefora","og_description":"Izazov za mozak - dru\u0161tvena igra CORTEX! 8 razli\u010ditih mozgalica za klince starije od 8 godina - 90 karata, 24 dela mozak puzzle i uputstvo na sprskom.","og_url":"https:\/\/zeefora.com\/playmais\/prodavnica\/drustvene-igre\/cortex-kids-ljubicasti\/","og_site_name":"Zeefora","article_modified_time":"2020-06-09T13:24:51+00:00","og_image":[{"width":312,"height":319,"url":"https:\/\/zeefora.com\/playmais\/wp-content\/uploads\/2020\/06\/3333-1.jpg","type":"image\/jpeg"}],"twitter_card":"summary_large_image","schema":{"@context":"https:\/\/schema.org","@graph":[{"@type":"WebPage","@id":"https:\/\/zeefora.com\/playmais\/prodavnica\/drustvene-igre\/cortex-kids-ljubicasti\/","url":"https:\/\/zeefora.com\/playmais\/prodavnica\/drustvene-igre\/cortex-kids-ljubicasti\/","name":"CORTEX Kids ljubi\u010dasti - Zeefora","isPartOf":{"@id":"https:\/\/zeefora.com\/playmais\/#website"},"primaryImageOfPage":{"@id":"https:\/\/zeefora.com\/playmais\/prodavnica\/drustvene-igre\/cortex-kids-ljubicasti\/#primaryimage"},"image":{"@id":"https:\/\/zeefora.com\/playmais\/prodavnica\/drustvene-igre\/cortex-kids-ljubicasti\/#primaryimage"},"thumbnailUrl":"https:\/\/zeefora.com\/playmais\/wp-content\/uploads\/2020\/06\/3333-1.jpg","datePublished":"2020-06-09T13:18:40+00:00","dateModified":"2020-06-09T13:24:51+00:00","description":"Izazov za mozak - dru\u0161tvena igra CORTEX! 8 razli\u010ditih mozgalica za klince starije od 8 godina - 90 karata, 24 dela mozak puzzle i uputstvo na sprskom.","breadcrumb":{"@id":"https:\/\/zeefora.com\/playmais\/prodavnica\/drustvene-igre\/cortex-kids-ljubicasti\/#breadcrumb"},"inLanguage":"sr-RS","potentialAction":[{"@type":"ReadAction","target":["https:\/\/zeefora.com\/playmais\/prodavnica\/drustvene-igre\/cortex-kids-ljubicasti\/"]}]},{"@type":"ImageObject","inLanguage":"sr-RS","@id":"https:\/\/zeefora.com\/playmais\/prodavnica\/drustvene-igre\/cortex-kids-ljubicasti\/#primaryimage","url":"https:\/\/zeefora.com\/playmais\/wp-content\/uploads\/2020\/06\/3333-1.jpg","contentUrl":"https:\/\/zeefora.com\/playmais\/wp-content\/uploads\/2020\/06\/3333-1.jpg","width":312,"height":319,"caption":"cortex-drustvena-igra-zeefora-playmais"},{"@type":"BreadcrumbList","@id":"https:\/\/zeefora.com\/playmais\/prodavnica\/drustvene-igre\/cortex-kids-ljubicasti\/#breadcrumb","itemListElement":[{"@type":"ListItem","position":1,"name":"Home","item":"https:\/\/zeefora.com\/playmais\/"},{"@type":"ListItem","position":2,"name":"Proizvodi","item":"https:\/\/zeefora.com\/playmais\/shop\/"},{"@type":"ListItem","position":3,"name":"CORTEX Kids ljubi\u010dasti"}]},{"@type":"WebSite","@id":"https:\/\/zeefora.com\/playmais\/#website","url":"https:\/\/zeefora.com\/playmais\/","name":"Zeefora","description":"","publisher":{"@id":"https:\/\/zeefora.com\/playmais\/#organization"},"potentialAction":[{"@type":"SearchAction","target":{"@type":"EntryPoint","urlTemplate":"https:\/\/zeefora.com\/playmais\/?s={search_term_string}"},"query-input":{"@type":"PropertyValueSpecification","valueRequired":true,"valueName":"search_term_string"}}],"inLanguage":"sr-RS"},{"@type":"Organization","@id":"https:\/\/zeefora.com\/playmais\/#organization","name":"Zeefora","url":"https:\/\/zeefora.com\/playmais\/","logo":{"@type":"ImageObject","inLanguage":"sr-RS","@id":"https:\/\/zeefora.com\/playmais\/#\/schema\/logo\/image\/","url":"https:\/\/zeefora.com\/playmais\/wp-content\/uploads\/2018\/08\/PlayMais_Logo_sm.png","contentUrl":"https:\/\/zeefora.com\/playmais\/wp-content\/uploads\/2018\/08\/PlayMais_Logo_sm.png","width":278,"height":94,"caption":"Zeefora"},"image":{"@id":"https:\/\/zeefora.com\/playmais\/#\/schema\/logo\/image\/"}}]}},"_links":{"self":[{"href":"https:\/\/zeefora.com\/playmais\/wp-json\/wp\/v2\/product\/13508"}],"collection":[{"href":"https:\/\/zeefora.com\/playmais\/wp-json\/wp\/v2\/product"}],"about":[{"href":"https:\/\/zeefora.com\/playmais\/wp-json\/wp\/v2\/types\/product"}],"wp:featuredmedia":[{"embeddable":true,"href":"https:\/\/zeefora.com\/playmais\/wp-json\/wp\/v2\/media\/13511"}],"wp:attachment":[{"href":"https:\/\/zeefora.com\/playmais\/wp-json\/wp\/v2\/media?parent=13508"}],"wp:term":[{"taxonomy":"product_brand","embeddable":true,"href":"https:\/\/zeefora.com\/playmais\/wp-json\/wp\/v2\/product_brand?post=13508"},{"taxonomy":"product_cat","embeddable":true,"href":"https:\/\/zeefora.com\/playmais\/wp-json\/wp\/v2\/product_cat?post=13508"},{"taxonomy":"product_tag","embeddable":true,"href":"https:\/\/zeefora.com\/playmais\/wp-json\/wp\/v2\/product_tag?post=13508"}],"curies":[{"name":"wp","href":"https:\/\/api.w.org\/{rel}","templated":true}]}}