{"id":13985,"date":"2021-04-03T12:58:43","date_gmt":"2021-04-03T10:58:43","guid":{"rendered":"https:\/\/zeefora.com\/playmais\/?post_type=product&#038;p=13985"},"modified":"2021-04-03T13:22:28","modified_gmt":"2021-04-03T11:22:28","slug":"dixit-odyssey","status":"publish","type":"product","link":"https:\/\/zeefora.com\/playmais\/prodavnica\/drustvene-igre\/dixit-odyssey\/","title":{"rendered":"Dixit Odyssey"},"content":{"rendered":"","protected":false},"excerpt":{"rendered":"<p><span class=\"\" title=\"\u0418\u0437\u043c\u0435\u045a\u0435\u043d\u043e\"><strong>Dixit Odyssey<\/strong> porodi\u010dna dru\u0161tvena igra gde slika vredi vi\u0161e od 1000 re\u010di. Testirajte svoju ma\u0161tu uz predivno ilustrovane velike karte, tablu za igranje i drvene figurice raznobojnih zec\u030ci\u0107a.<\/span><\/p>\n<p><strong>Dixit karte<\/strong> sadrz\u030ce bajkovite ilustracije pune interesantnih detalja. Ljudi na istim ilustracijama vide razlic\u030cite stvari, u c\u030cemu je i najvec\u0301a draz\u030c ove vi\u0161estruko nagra\u0111ivane igre.<\/p>\n<p><em><span class=\"\" title=\"\u0418\u0437\u043c\u0435\u045a\u0435\u043d\u043e\">Autor igre je de\u010diji psihoterapeut zbog \u010dega se igra mo\u017ee koristiti i kao alat za razvoj komunikacionih ve\u0161tina klinaca i njihove ma\u0161te.\u00a0<\/span><\/em><\/p>\n<p><strong>Cilj igre<\/strong> je da izaberete asocijacije za karte koje c\u0301e barem neki od va\u0161ih suigra\u010da pogoditi.<\/p>\n<p>Na svom potezu, igrac\u030c kao pripovedac\u030c, bira 1 kartu iz svoje ruke i daje drugim igrac\u030cima nagoves\u030ctaj, asocijaciju za nju (to moz\u030ce biti jedna rec\u030c, cela rec\u030cenica, deo pesme, citat iz knjige itd) ili mo\u017ee ispri\u010dati svoju pri\u010du vezano za kartu koju je izabrao.<\/p>\n<p>Ostali igrac\u030ci tada biraju jednu od svojih karata koja najvis\u030ce odgovara onome s\u030cto je igrac\u030c-pripovedac\u030c rekao \ud83e\udd14\u00a0 i skriveno je daju pripoveda\u010du.<\/p>\n<p>Igrac\u030ci zatim tajno pokus\u030cavaju da pogode koja je karta igrac\u030ca-pripovedac\u030ca, koristec\u0301i svoju tablicu za glasanje. Svaki od igra\u010da \u017eeli da pogodi kartu pripoveda\u010da, ali se nada i da \u0107e neko od ostalih igra\u010da glasati ba\u0161 za njegovu kartu, a ne za kartu pripoveda\u010da. Kada se glasanje zavrs\u030ci, poc\u030cinje bodovanje!<\/p>\n<p><strong>Dixit Odyssey sadr\u017ei:<\/strong><\/p>\n<p>12x drvenih ze\u010di\u0107a<\/p>\n<p>12x tablica za glasanje<\/p>\n<p>bockalice za glasanje<\/p>\n<p>1x tabla za pra\u0107enje rezultata<\/p>\n<p>84x karte<\/p>\n<p>Pravila igre na srpskom<\/p>\n<p>Tabla, drvene figure, karte<br \/>\nOd 3 do 12 igra\u010da<br \/>\n<strong>Dimenzije<\/strong>: 28 \u00d7 6 \u00d7 275 cm, te\u017eina 1kg<br \/>\n<em>Trajanje partije<\/em> oko 30 minuta &#8230;<\/p>\n","protected":false},"featured_media":13986,"menu_order":2,"template":"","meta":{"_acf_changed":false,"inline_featured_image":false,"_exactmetrics_skip_tracking":false,"_exactmetrics_sitenote_active":false,"_exactmetrics_sitenote_note":"","_exactmetrics_sitenote_category":0},"product_brand":[],"product_cat":[51],"product_tag":[],"class_list":{"0":"post-13985","1":"product","2":"type-product","3":"status-publish","4":"has-post-thumbnail","6":"product_cat-drustvene-igre","8":"first","9":"instock","10":"shipping-taxable","11":"purchasable","12":"product-type-simple"},"acf":[],"yoast_head":"<!-- This site is optimized with the Yoast SEO plugin v25.4 - https:\/\/yoast.com\/wordpress\/plugins\/seo\/ -->\n<title>Dixit Odyssey - Zeefora<\/title>\n<meta name=\"description\" content=\"Dixit Odyssey - hit svetska pripoveda\u010dka dru\u0161tvena igra za decu 8+ i odrasle. Slika vredi vi\u0161e od 1000 re\u010di - neka izazov po\u010dne!\" \/>\n<meta name=\"robots\" content=\"index, follow, max-snippet:-1, max-image-preview:large, max-video-preview:-1\" \/>\n<link rel=\"canonical\" href=\"https:\/\/zeefora.com\/playmais\/prodavnica\/drustvene-igre\/dixit-odyssey\/\" \/>\n<meta property=\"og:locale\" content=\"sr_RS\" \/>\n<meta property=\"og:type\" content=\"article\" \/>\n<meta property=\"og:title\" content=\"Dixit Odyssey - Zeefora\" \/>\n<meta property=\"og:description\" content=\"Dixit Odyssey - hit svetska pripoveda\u010dka dru\u0161tvena igra za decu 8+ i odrasle. Slika vredi vi\u0161e od 1000 re\u010di - neka izazov po\u010dne!\" \/>\n<meta property=\"og:url\" content=\"https:\/\/zeefora.com\/playmais\/prodavnica\/drustvene-igre\/dixit-odyssey\/\" \/>\n<meta property=\"og:site_name\" content=\"Zeefora\" \/>\n<meta property=\"article:modified_time\" content=\"2021-04-03T11:22:28+00:00\" \/>\n<meta property=\"og:image\" content=\"https:\/\/zeefora.com\/playmais\/wp-content\/uploads\/2021\/04\/drustvena-igra-dixit-odyssey-zeefora-playmais.jpg\" \/>\n\t<meta property=\"og:image:width\" content=\"312\" \/>\n\t<meta property=\"og:image:height\" content=\"319\" \/>\n\t<meta property=\"og:image:type\" content=\"image\/jpeg\" \/>\n<meta name=\"twitter:card\" content=\"summary_large_image\" \/>\n<script type=\"application\/ld+json\" class=\"yoast-schema-graph\">{\"@context\":\"https:\/\/schema.org\",\"@graph\":[{\"@type\":\"WebPage\",\"@id\":\"https:\/\/zeefora.com\/playmais\/prodavnica\/drustvene-igre\/dixit-odyssey\/\",\"url\":\"https:\/\/zeefora.com\/playmais\/prodavnica\/drustvene-igre\/dixit-odyssey\/\",\"name\":\"Dixit Odyssey - Zeefora\",\"isPartOf\":{\"@id\":\"https:\/\/zeefora.com\/playmais\/#website\"},\"primaryImageOfPage\":{\"@id\":\"https:\/\/zeefora.com\/playmais\/prodavnica\/drustvene-igre\/dixit-odyssey\/#primaryimage\"},\"image\":{\"@id\":\"https:\/\/zeefora.com\/playmais\/prodavnica\/drustvene-igre\/dixit-odyssey\/#primaryimage\"},\"thumbnailUrl\":\"https:\/\/zeefora.com\/playmais\/wp-content\/uploads\/2021\/04\/drustvena-igra-dixit-odyssey-zeefora-playmais.jpg\",\"datePublished\":\"2021-04-03T10:58:43+00:00\",\"dateModified\":\"2021-04-03T11:22:28+00:00\",\"description\":\"Dixit Odyssey - hit svetska pripoveda\u010dka dru\u0161tvena igra za decu 8+ i odrasle. Slika vredi vi\u0161e od 1000 re\u010di - neka izazov po\u010dne!\",\"breadcrumb\":{\"@id\":\"https:\/\/zeefora.com\/playmais\/prodavnica\/drustvene-igre\/dixit-odyssey\/#breadcrumb\"},\"inLanguage\":\"sr-RS\",\"potentialAction\":[{\"@type\":\"ReadAction\",\"target\":[\"https:\/\/zeefora.com\/playmais\/prodavnica\/drustvene-igre\/dixit-odyssey\/\"]}]},{\"@type\":\"ImageObject\",\"inLanguage\":\"sr-RS\",\"@id\":\"https:\/\/zeefora.com\/playmais\/prodavnica\/drustvene-igre\/dixit-odyssey\/#primaryimage\",\"url\":\"https:\/\/zeefora.com\/playmais\/wp-content\/uploads\/2021\/04\/drustvena-igra-dixit-odyssey-zeefora-playmais.jpg\",\"contentUrl\":\"https:\/\/zeefora.com\/playmais\/wp-content\/uploads\/2021\/04\/drustvena-igra-dixit-odyssey-zeefora-playmais.jpg\",\"width\":312,\"height\":319},{\"@type\":\"BreadcrumbList\",\"@id\":\"https:\/\/zeefora.com\/playmais\/prodavnica\/drustvene-igre\/dixit-odyssey\/#breadcrumb\",\"itemListElement\":[{\"@type\":\"ListItem\",\"position\":1,\"name\":\"Home\",\"item\":\"https:\/\/zeefora.com\/playmais\/\"},{\"@type\":\"ListItem\",\"position\":2,\"name\":\"Proizvodi\",\"item\":\"https:\/\/zeefora.com\/playmais\/shop\/\"},{\"@type\":\"ListItem\",\"position\":3,\"name\":\"Dixit Odyssey\"}]},{\"@type\":\"WebSite\",\"@id\":\"https:\/\/zeefora.com\/playmais\/#website\",\"url\":\"https:\/\/zeefora.com\/playmais\/\",\"name\":\"Zeefora\",\"description\":\"\",\"publisher\":{\"@id\":\"https:\/\/zeefora.com\/playmais\/#organization\"},\"potentialAction\":[{\"@type\":\"SearchAction\",\"target\":{\"@type\":\"EntryPoint\",\"urlTemplate\":\"https:\/\/zeefora.com\/playmais\/?s={search_term_string}\"},\"query-input\":{\"@type\":\"PropertyValueSpecification\",\"valueRequired\":true,\"valueName\":\"search_term_string\"}}],\"inLanguage\":\"sr-RS\"},{\"@type\":\"Organization\",\"@id\":\"https:\/\/zeefora.com\/playmais\/#organization\",\"name\":\"Zeefora\",\"url\":\"https:\/\/zeefora.com\/playmais\/\",\"logo\":{\"@type\":\"ImageObject\",\"inLanguage\":\"sr-RS\",\"@id\":\"https:\/\/zeefora.com\/playmais\/#\/schema\/logo\/image\/\",\"url\":\"https:\/\/zeefora.com\/playmais\/wp-content\/uploads\/2018\/08\/PlayMais_Logo_sm.png\",\"contentUrl\":\"https:\/\/zeefora.com\/playmais\/wp-content\/uploads\/2018\/08\/PlayMais_Logo_sm.png\",\"width\":278,\"height\":94,\"caption\":\"Zeefora\"},\"image\":{\"@id\":\"https:\/\/zeefora.com\/playmais\/#\/schema\/logo\/image\/\"}}]}<\/script>\n<!-- \/ Yoast SEO plugin. -->","yoast_head_json":{"title":"Dixit Odyssey - Zeefora","description":"Dixit Odyssey - hit svetska pripoveda\u010dka dru\u0161tvena igra za decu 8+ i odrasle. Slika vredi vi\u0161e od 1000 re\u010di - neka izazov po\u010dne!","robots":{"index":"index","follow":"follow","max-snippet":"max-snippet:-1","max-image-preview":"max-image-preview:large","max-video-preview":"max-video-preview:-1"},"canonical":"https:\/\/zeefora.com\/playmais\/prodavnica\/drustvene-igre\/dixit-odyssey\/","og_locale":"sr_RS","og_type":"article","og_title":"Dixit Odyssey - Zeefora","og_description":"Dixit Odyssey - hit svetska pripoveda\u010dka dru\u0161tvena igra za decu 8+ i odrasle. Slika vredi vi\u0161e od 1000 re\u010di - neka izazov po\u010dne!","og_url":"https:\/\/zeefora.com\/playmais\/prodavnica\/drustvene-igre\/dixit-odyssey\/","og_site_name":"Zeefora","article_modified_time":"2021-04-03T11:22:28+00:00","og_image":[{"width":312,"height":319,"url":"https:\/\/zeefora.com\/playmais\/wp-content\/uploads\/2021\/04\/drustvena-igra-dixit-odyssey-zeefora-playmais.jpg","type":"image\/jpeg"}],"twitter_card":"summary_large_image","schema":{"@context":"https:\/\/schema.org","@graph":[{"@type":"WebPage","@id":"https:\/\/zeefora.com\/playmais\/prodavnica\/drustvene-igre\/dixit-odyssey\/","url":"https:\/\/zeefora.com\/playmais\/prodavnica\/drustvene-igre\/dixit-odyssey\/","name":"Dixit Odyssey - Zeefora","isPartOf":{"@id":"https:\/\/zeefora.com\/playmais\/#website"},"primaryImageOfPage":{"@id":"https:\/\/zeefora.com\/playmais\/prodavnica\/drustvene-igre\/dixit-odyssey\/#primaryimage"},"image":{"@id":"https:\/\/zeefora.com\/playmais\/prodavnica\/drustvene-igre\/dixit-odyssey\/#primaryimage"},"thumbnailUrl":"https:\/\/zeefora.com\/playmais\/wp-content\/uploads\/2021\/04\/drustvena-igra-dixit-odyssey-zeefora-playmais.jpg","datePublished":"2021-04-03T10:58:43+00:00","dateModified":"2021-04-03T11:22:28+00:00","description":"Dixit Odyssey - hit svetska pripoveda\u010dka dru\u0161tvena igra za decu 8+ i odrasle. Slika vredi vi\u0161e od 1000 re\u010di - neka izazov po\u010dne!","breadcrumb":{"@id":"https:\/\/zeefora.com\/playmais\/prodavnica\/drustvene-igre\/dixit-odyssey\/#breadcrumb"},"inLanguage":"sr-RS","potentialAction":[{"@type":"ReadAction","target":["https:\/\/zeefora.com\/playmais\/prodavnica\/drustvene-igre\/dixit-odyssey\/"]}]},{"@type":"ImageObject","inLanguage":"sr-RS","@id":"https:\/\/zeefora.com\/playmais\/prodavnica\/drustvene-igre\/dixit-odyssey\/#primaryimage","url":"https:\/\/zeefora.com\/playmais\/wp-content\/uploads\/2021\/04\/drustvena-igra-dixit-odyssey-zeefora-playmais.jpg","contentUrl":"https:\/\/zeefora.com\/playmais\/wp-content\/uploads\/2021\/04\/drustvena-igra-dixit-odyssey-zeefora-playmais.jpg","width":312,"height":319},{"@type":"BreadcrumbList","@id":"https:\/\/zeefora.com\/playmais\/prodavnica\/drustvene-igre\/dixit-odyssey\/#breadcrumb","itemListElement":[{"@type":"ListItem","position":1,"name":"Home","item":"https:\/\/zeefora.com\/playmais\/"},{"@type":"ListItem","position":2,"name":"Proizvodi","item":"https:\/\/zeefora.com\/playmais\/shop\/"},{"@type":"ListItem","position":3,"name":"Dixit Odyssey"}]},{"@type":"WebSite","@id":"https:\/\/zeefora.com\/playmais\/#website","url":"https:\/\/zeefora.com\/playmais\/","name":"Zeefora","description":"","publisher":{"@id":"https:\/\/zeefora.com\/playmais\/#organization"},"potentialAction":[{"@type":"SearchAction","target":{"@type":"EntryPoint","urlTemplate":"https:\/\/zeefora.com\/playmais\/?s={search_term_string}"},"query-input":{"@type":"PropertyValueSpecification","valueRequired":true,"valueName":"search_term_string"}}],"inLanguage":"sr-RS"},{"@type":"Organization","@id":"https:\/\/zeefora.com\/playmais\/#organization","name":"Zeefora","url":"https:\/\/zeefora.com\/playmais\/","logo":{"@type":"ImageObject","inLanguage":"sr-RS","@id":"https:\/\/zeefora.com\/playmais\/#\/schema\/logo\/image\/","url":"https:\/\/zeefora.com\/playmais\/wp-content\/uploads\/2018\/08\/PlayMais_Logo_sm.png","contentUrl":"https:\/\/zeefora.com\/playmais\/wp-content\/uploads\/2018\/08\/PlayMais_Logo_sm.png","width":278,"height":94,"caption":"Zeefora"},"image":{"@id":"https:\/\/zeefora.com\/playmais\/#\/schema\/logo\/image\/"}}]}},"_links":{"self":[{"href":"https:\/\/zeefora.com\/playmais\/wp-json\/wp\/v2\/product\/13985"}],"collection":[{"href":"https:\/\/zeefora.com\/playmais\/wp-json\/wp\/v2\/product"}],"about":[{"href":"https:\/\/zeefora.com\/playmais\/wp-json\/wp\/v2\/types\/product"}],"wp:featuredmedia":[{"embeddable":true,"href":"https:\/\/zeefora.com\/playmais\/wp-json\/wp\/v2\/media\/13986"}],"wp:attachment":[{"href":"https:\/\/zeefora.com\/playmais\/wp-json\/wp\/v2\/media?parent=13985"}],"wp:term":[{"taxonomy":"product_brand","embeddable":true,"href":"https:\/\/zeefora.com\/playmais\/wp-json\/wp\/v2\/product_brand?post=13985"},{"taxonomy":"product_cat","embeddable":true,"href":"https:\/\/zeefora.com\/playmais\/wp-json\/wp\/v2\/product_cat?post=13985"},{"taxonomy":"product_tag","embeddable":true,"href":"https:\/\/zeefora.com\/playmais\/wp-json\/wp\/v2\/product_tag?post=13985"}],"curies":[{"name":"wp","href":"https:\/\/api.w.org\/{rel}","templated":true}]}}