{"id":354,"date":"2018-09-28T18:50:47","date_gmt":"2018-09-28T16:50:47","guid":{"rendered":"https:\/\/zeefora.com\/playmais\/?post_type=product&#038;p=354"},"modified":"2021-07-23T12:54:50","modified_gmt":"2021-07-23T10:54:50","slug":"svet-dzungle","status":"publish","type":"product","link":"https:\/\/zeefora.com\/playmais\/prodavnica\/classic-world\/svet-dzungle\/","title":{"rendered":"WORLD D\u017eungla"},"content":{"rendered":"","protected":false},"excerpt":{"rendered":"<p><span style=\"color: #000000; font-family: Arial;\">Idealan poklon za de\u010dake i devoj\u010dice starije od 3 godine. <\/span><\/p>\n<p><span style=\"color: #000000; font-family: Arial;\">Dete mo\u017ee praviti <strong>\u017eivotinje iz d\u017eungle<\/strong> od preko 1000 Playmais komadi\u0107a i kartica za rad. <\/span><\/p>\n<p><span style=\"color: #000000; font-family: Arial;\">Pakovanje sadr\u017ei instrukcije i dodatke.<\/span><\/p>\n<p>Za uzrast:<strong>\u00a03+<\/strong> &#8230;<\/p>\n","protected":false},"featured_media":13940,"menu_order":99,"template":"","meta":{"_acf_changed":false,"inline_featured_image":false,"_exactmetrics_skip_tracking":false,"_exactmetrics_sitenote_active":false,"_exactmetrics_sitenote_note":"","_exactmetrics_sitenote_category":0},"product_brand":[],"product_cat":[22],"product_tag":[],"class_list":{"0":"post-354","1":"product","2":"type-product","3":"status-publish","4":"has-post-thumbnail","6":"product_cat-classic-world","8":"first","9":"instock","10":"sale","11":"shipping-taxable","12":"purchasable","13":"product-type-simple"},"acf":[],"yoast_head":"<!-- This site is optimized with the Yoast SEO plugin v25.4 - https:\/\/yoast.com\/wordpress\/plugins\/seo\/ -->\n<title>WORLD D\u017eungla - Zeefora<\/title>\n<meta name=\"robots\" content=\"index, follow, max-snippet:-1, max-image-preview:large, max-video-preview:-1\" \/>\n<link rel=\"canonical\" href=\"https:\/\/zeefora.com\/playmais\/prodavnica\/classic-world\/svet-dzungle\/\" \/>\n<meta property=\"og:locale\" content=\"sr_RS\" \/>\n<meta property=\"og:type\" content=\"article\" \/>\n<meta property=\"og:title\" content=\"WORLD D\u017eungla - Zeefora\" \/>\n<meta property=\"og:description\" content=\"Idealan poklon za de\u010dake i devoj\u010dice starije od 3 godine.   Dete mo\u017ee praviti \u017eivotinje iz d\u017eungle od preko 1000 Playmais komadi\u0107a i kartica za rad.   Pakovanje sadr\u017ei instrukcije i dodatke.  Za uzrast:\u00a03+ ...\" \/>\n<meta property=\"og:url\" content=\"https:\/\/zeefora.com\/playmais\/prodavnica\/classic-world\/svet-dzungle\/\" \/>\n<meta property=\"og:site_name\" content=\"Zeefora\" \/>\n<meta property=\"article:modified_time\" content=\"2021-07-23T10:54:50+00:00\" \/>\n<meta property=\"og:image\" content=\"https:\/\/zeefora.com\/playmais\/wp-content\/uploads\/2018\/09\/playmais-zeefora-playmais-srbija-playmais-cena-edukativna-igracka-poklon-za-rodjendan-poklon-za-decake-poklon-za-devojcice-ucenje-kroz-igru-zeefora-world-dzungla.jpg\" \/>\n\t<meta property=\"og:image:width\" content=\"280\" \/>\n\t<meta property=\"og:image:height\" content=\"304\" \/>\n\t<meta property=\"og:image:type\" content=\"image\/jpeg\" \/>\n<meta name=\"twitter:card\" content=\"summary_large_image\" \/>\n<script type=\"application\/ld+json\" class=\"yoast-schema-graph\">{\"@context\":\"https:\/\/schema.org\",\"@graph\":[{\"@type\":\"WebPage\",\"@id\":\"https:\/\/zeefora.com\/playmais\/prodavnica\/classic-world\/svet-dzungle\/\",\"url\":\"https:\/\/zeefora.com\/playmais\/prodavnica\/classic-world\/svet-dzungle\/\",\"name\":\"WORLD D\u017eungla - Zeefora\",\"isPartOf\":{\"@id\":\"https:\/\/zeefora.com\/playmais\/#website\"},\"primaryImageOfPage\":{\"@id\":\"https:\/\/zeefora.com\/playmais\/prodavnica\/classic-world\/svet-dzungle\/#primaryimage\"},\"image\":{\"@id\":\"https:\/\/zeefora.com\/playmais\/prodavnica\/classic-world\/svet-dzungle\/#primaryimage\"},\"thumbnailUrl\":\"https:\/\/zeefora.com\/playmais\/wp-content\/uploads\/2018\/09\/playmais-zeefora-playmais-srbija-playmais-cena-edukativna-igracka-poklon-za-rodjendan-poklon-za-decake-poklon-za-devojcice-ucenje-kroz-igru-zeefora-world-dzungla.jpg\",\"datePublished\":\"2018-09-28T16:50:47+00:00\",\"dateModified\":\"2021-07-23T10:54:50+00:00\",\"breadcrumb\":{\"@id\":\"https:\/\/zeefora.com\/playmais\/prodavnica\/classic-world\/svet-dzungle\/#breadcrumb\"},\"inLanguage\":\"sr-RS\",\"potentialAction\":[{\"@type\":\"ReadAction\",\"target\":[\"https:\/\/zeefora.com\/playmais\/prodavnica\/classic-world\/svet-dzungle\/\"]}]},{\"@type\":\"ImageObject\",\"inLanguage\":\"sr-RS\",\"@id\":\"https:\/\/zeefora.com\/playmais\/prodavnica\/classic-world\/svet-dzungle\/#primaryimage\",\"url\":\"https:\/\/zeefora.com\/playmais\/wp-content\/uploads\/2018\/09\/playmais-zeefora-playmais-srbija-playmais-cena-edukativna-igracka-poklon-za-rodjendan-poklon-za-decake-poklon-za-devojcice-ucenje-kroz-igru-zeefora-world-dzungla.jpg\",\"contentUrl\":\"https:\/\/zeefora.com\/playmais\/wp-content\/uploads\/2018\/09\/playmais-zeefora-playmais-srbija-playmais-cena-edukativna-igracka-poklon-za-rodjendan-poklon-za-decake-poklon-za-devojcice-ucenje-kroz-igru-zeefora-world-dzungla.jpg\",\"width\":280,\"height\":304,\"caption\":\"SVET D\u017dUNGLE\"},{\"@type\":\"BreadcrumbList\",\"@id\":\"https:\/\/zeefora.com\/playmais\/prodavnica\/classic-world\/svet-dzungle\/#breadcrumb\",\"itemListElement\":[{\"@type\":\"ListItem\",\"position\":1,\"name\":\"Home\",\"item\":\"https:\/\/zeefora.com\/playmais\/\"},{\"@type\":\"ListItem\",\"position\":2,\"name\":\"Proizvodi\",\"item\":\"https:\/\/zeefora.com\/playmais\/shop\/\"},{\"@type\":\"ListItem\",\"position\":3,\"name\":\"WORLD D\u017eungla\"}]},{\"@type\":\"WebSite\",\"@id\":\"https:\/\/zeefora.com\/playmais\/#website\",\"url\":\"https:\/\/zeefora.com\/playmais\/\",\"name\":\"Zeefora\",\"description\":\"\",\"publisher\":{\"@id\":\"https:\/\/zeefora.com\/playmais\/#organization\"},\"potentialAction\":[{\"@type\":\"SearchAction\",\"target\":{\"@type\":\"EntryPoint\",\"urlTemplate\":\"https:\/\/zeefora.com\/playmais\/?s={search_term_string}\"},\"query-input\":{\"@type\":\"PropertyValueSpecification\",\"valueRequired\":true,\"valueName\":\"search_term_string\"}}],\"inLanguage\":\"sr-RS\"},{\"@type\":\"Organization\",\"@id\":\"https:\/\/zeefora.com\/playmais\/#organization\",\"name\":\"Zeefora\",\"url\":\"https:\/\/zeefora.com\/playmais\/\",\"logo\":{\"@type\":\"ImageObject\",\"inLanguage\":\"sr-RS\",\"@id\":\"https:\/\/zeefora.com\/playmais\/#\/schema\/logo\/image\/\",\"url\":\"https:\/\/zeefora.com\/playmais\/wp-content\/uploads\/2018\/08\/PlayMais_Logo_sm.png\",\"contentUrl\":\"https:\/\/zeefora.com\/playmais\/wp-content\/uploads\/2018\/08\/PlayMais_Logo_sm.png\",\"width\":278,\"height\":94,\"caption\":\"Zeefora\"},\"image\":{\"@id\":\"https:\/\/zeefora.com\/playmais\/#\/schema\/logo\/image\/\"}}]}<\/script>\n<!-- \/ Yoast SEO plugin. -->","yoast_head_json":{"title":"WORLD D\u017eungla - Zeefora","robots":{"index":"index","follow":"follow","max-snippet":"max-snippet:-1","max-image-preview":"max-image-preview:large","max-video-preview":"max-video-preview:-1"},"canonical":"https:\/\/zeefora.com\/playmais\/prodavnica\/classic-world\/svet-dzungle\/","og_locale":"sr_RS","og_type":"article","og_title":"WORLD D\u017eungla - Zeefora","og_description":"Idealan poklon za de\u010dake i devoj\u010dice starije od 3 godine.   Dete mo\u017ee praviti \u017eivotinje iz d\u017eungle od preko 1000 Playmais komadi\u0107a i kartica za rad.   Pakovanje sadr\u017ei instrukcije i dodatke.  Za uzrast:\u00a03+ ...","og_url":"https:\/\/zeefora.com\/playmais\/prodavnica\/classic-world\/svet-dzungle\/","og_site_name":"Zeefora","article_modified_time":"2021-07-23T10:54:50+00:00","og_image":[{"width":280,"height":304,"url":"https:\/\/zeefora.com\/playmais\/wp-content\/uploads\/2018\/09\/playmais-zeefora-playmais-srbija-playmais-cena-edukativna-igracka-poklon-za-rodjendan-poklon-za-decake-poklon-za-devojcice-ucenje-kroz-igru-zeefora-world-dzungla.jpg","type":"image\/jpeg"}],"twitter_card":"summary_large_image","schema":{"@context":"https:\/\/schema.org","@graph":[{"@type":"WebPage","@id":"https:\/\/zeefora.com\/playmais\/prodavnica\/classic-world\/svet-dzungle\/","url":"https:\/\/zeefora.com\/playmais\/prodavnica\/classic-world\/svet-dzungle\/","name":"WORLD D\u017eungla - Zeefora","isPartOf":{"@id":"https:\/\/zeefora.com\/playmais\/#website"},"primaryImageOfPage":{"@id":"https:\/\/zeefora.com\/playmais\/prodavnica\/classic-world\/svet-dzungle\/#primaryimage"},"image":{"@id":"https:\/\/zeefora.com\/playmais\/prodavnica\/classic-world\/svet-dzungle\/#primaryimage"},"thumbnailUrl":"https:\/\/zeefora.com\/playmais\/wp-content\/uploads\/2018\/09\/playmais-zeefora-playmais-srbija-playmais-cena-edukativna-igracka-poklon-za-rodjendan-poklon-za-decake-poklon-za-devojcice-ucenje-kroz-igru-zeefora-world-dzungla.jpg","datePublished":"2018-09-28T16:50:47+00:00","dateModified":"2021-07-23T10:54:50+00:00","breadcrumb":{"@id":"https:\/\/zeefora.com\/playmais\/prodavnica\/classic-world\/svet-dzungle\/#breadcrumb"},"inLanguage":"sr-RS","potentialAction":[{"@type":"ReadAction","target":["https:\/\/zeefora.com\/playmais\/prodavnica\/classic-world\/svet-dzungle\/"]}]},{"@type":"ImageObject","inLanguage":"sr-RS","@id":"https:\/\/zeefora.com\/playmais\/prodavnica\/classic-world\/svet-dzungle\/#primaryimage","url":"https:\/\/zeefora.com\/playmais\/wp-content\/uploads\/2018\/09\/playmais-zeefora-playmais-srbija-playmais-cena-edukativna-igracka-poklon-za-rodjendan-poklon-za-decake-poklon-za-devojcice-ucenje-kroz-igru-zeefora-world-dzungla.jpg","contentUrl":"https:\/\/zeefora.com\/playmais\/wp-content\/uploads\/2018\/09\/playmais-zeefora-playmais-srbija-playmais-cena-edukativna-igracka-poklon-za-rodjendan-poklon-za-decake-poklon-za-devojcice-ucenje-kroz-igru-zeefora-world-dzungla.jpg","width":280,"height":304,"caption":"SVET D\u017dUNGLE"},{"@type":"BreadcrumbList","@id":"https:\/\/zeefora.com\/playmais\/prodavnica\/classic-world\/svet-dzungle\/#breadcrumb","itemListElement":[{"@type":"ListItem","position":1,"name":"Home","item":"https:\/\/zeefora.com\/playmais\/"},{"@type":"ListItem","position":2,"name":"Proizvodi","item":"https:\/\/zeefora.com\/playmais\/shop\/"},{"@type":"ListItem","position":3,"name":"WORLD D\u017eungla"}]},{"@type":"WebSite","@id":"https:\/\/zeefora.com\/playmais\/#website","url":"https:\/\/zeefora.com\/playmais\/","name":"Zeefora","description":"","publisher":{"@id":"https:\/\/zeefora.com\/playmais\/#organization"},"potentialAction":[{"@type":"SearchAction","target":{"@type":"EntryPoint","urlTemplate":"https:\/\/zeefora.com\/playmais\/?s={search_term_string}"},"query-input":{"@type":"PropertyValueSpecification","valueRequired":true,"valueName":"search_term_string"}}],"inLanguage":"sr-RS"},{"@type":"Organization","@id":"https:\/\/zeefora.com\/playmais\/#organization","name":"Zeefora","url":"https:\/\/zeefora.com\/playmais\/","logo":{"@type":"ImageObject","inLanguage":"sr-RS","@id":"https:\/\/zeefora.com\/playmais\/#\/schema\/logo\/image\/","url":"https:\/\/zeefora.com\/playmais\/wp-content\/uploads\/2018\/08\/PlayMais_Logo_sm.png","contentUrl":"https:\/\/zeefora.com\/playmais\/wp-content\/uploads\/2018\/08\/PlayMais_Logo_sm.png","width":278,"height":94,"caption":"Zeefora"},"image":{"@id":"https:\/\/zeefora.com\/playmais\/#\/schema\/logo\/image\/"}}]}},"_links":{"self":[{"href":"https:\/\/zeefora.com\/playmais\/wp-json\/wp\/v2\/product\/354"}],"collection":[{"href":"https:\/\/zeefora.com\/playmais\/wp-json\/wp\/v2\/product"}],"about":[{"href":"https:\/\/zeefora.com\/playmais\/wp-json\/wp\/v2\/types\/product"}],"wp:featuredmedia":[{"embeddable":true,"href":"https:\/\/zeefora.com\/playmais\/wp-json\/wp\/v2\/media\/13940"}],"wp:attachment":[{"href":"https:\/\/zeefora.com\/playmais\/wp-json\/wp\/v2\/media?parent=354"}],"wp:term":[{"taxonomy":"product_brand","embeddable":true,"href":"https:\/\/zeefora.com\/playmais\/wp-json\/wp\/v2\/product_brand?post=354"},{"taxonomy":"product_cat","embeddable":true,"href":"https:\/\/zeefora.com\/playmais\/wp-json\/wp\/v2\/product_cat?post=354"},{"taxonomy":"product_tag","embeddable":true,"href":"https:\/\/zeefora.com\/playmais\/wp-json\/wp\/v2\/product_tag?post=354"}],"curies":[{"name":"wp","href":"https:\/\/api.w.org\/{rel}","templated":true}]}}