{"id":358,"date":"2018-09-28T18:52:40","date_gmt":"2018-09-28T16:52:40","guid":{"rendered":"https:\/\/zeefora.com\/playmais\/?post_type=product&#038;p=358"},"modified":"2021-07-23T12:52:31","modified_gmt":"2021-07-23T10:52:31","slug":"morski-svet","status":"publish","type":"product","link":"https:\/\/zeefora.com\/playmais\/prodavnica\/classic-world\/morski-svet\/","title":{"rendered":"WORLD More"},"content":{"rendered":"","protected":false},"excerpt":{"rendered":"<p>Morski svet je namenjen deci starijoj od 5 godina.<\/p>\n<p>Savr\u0161en poklon za de\u010dake i devoj\u010dice koji vole <strong>morske \u017eivotinje.<\/strong><\/p>\n<p>Uz pomo\u0107 1000 Playmais komadi\u0107a, kartonske pozadine, instrukcija i dodataka mali\u0161ani sami pravi ribice, hobotnice, korale i morske zvezde.<\/p>\n<p>Za uzrast:<strong>\u00a05+<\/strong><\/p>\n<div class=\"mb-3 embed-responsive embed-responsive-16by9\"><\/div>\n<p> &#8230;<\/p>\n","protected":false},"featured_media":13938,"menu_order":76,"template":"","meta":{"_acf_changed":false,"inline_featured_image":false,"_exactmetrics_skip_tracking":false,"_exactmetrics_sitenote_active":false,"_exactmetrics_sitenote_note":"","_exactmetrics_sitenote_category":0},"product_brand":[],"product_cat":[22],"product_tag":[],"class_list":{"0":"post-358","1":"product","2":"type-product","3":"status-publish","4":"has-post-thumbnail","6":"product_cat-classic-world","8":"first","9":"instock","10":"sale","11":"shipping-taxable","12":"purchasable","13":"product-type-simple"},"acf":[],"yoast_head":"<!-- This site is optimized with the Yoast SEO plugin v25.4 - https:\/\/yoast.com\/wordpress\/plugins\/seo\/ -->\n<title>WORLD More - Zeefora<\/title>\n<meta name=\"robots\" content=\"index, follow, max-snippet:-1, max-image-preview:large, max-video-preview:-1\" \/>\n<link rel=\"canonical\" href=\"https:\/\/zeefora.com\/playmais\/prodavnica\/classic-world\/morski-svet\/\" \/>\n<meta property=\"og:locale\" content=\"sr_RS\" \/>\n<meta property=\"og:type\" content=\"article\" \/>\n<meta property=\"og:title\" content=\"WORLD More - Zeefora\" \/>\n<meta property=\"og:description\" content=\"Morski svet je namenjen deci starijoj od 5 godina.  Savr\u0161en poklon za de\u010dake i devoj\u010dice koji vole morske \u017eivotinje.  Uz pomo\u0107 1000 Playmais komadi\u0107a, kartonske pozadine, instrukcija i dodataka mali\u0161ani sami pravi ribice, hobotnice, korale i morske zvezde.  Za uzrast:\u00a05+  ...\" \/>\n<meta property=\"og:url\" content=\"https:\/\/zeefora.com\/playmais\/prodavnica\/classic-world\/morski-svet\/\" \/>\n<meta property=\"og:site_name\" content=\"Zeefora\" \/>\n<meta property=\"article:modified_time\" content=\"2021-07-23T10:52:31+00:00\" \/>\n<meta property=\"og:image\" content=\"https:\/\/zeefora.com\/playmais\/wp-content\/uploads\/2018\/09\/playmais-zeefora-playmais-srbija-playmais-cena-edukativna-igracka-poklon-za-rodjendan-poklon-za-decake-poklon-za-devojcice-ucenje-kroz-igru-zeefora-world-more.jpg\" \/>\n\t<meta property=\"og:image:width\" content=\"280\" \/>\n\t<meta property=\"og:image:height\" content=\"304\" \/>\n\t<meta property=\"og:image:type\" content=\"image\/jpeg\" \/>\n<meta name=\"twitter:card\" content=\"summary_large_image\" \/>\n<script type=\"application\/ld+json\" class=\"yoast-schema-graph\">{\"@context\":\"https:\/\/schema.org\",\"@graph\":[{\"@type\":\"WebPage\",\"@id\":\"https:\/\/zeefora.com\/playmais\/prodavnica\/classic-world\/morski-svet\/\",\"url\":\"https:\/\/zeefora.com\/playmais\/prodavnica\/classic-world\/morski-svet\/\",\"name\":\"WORLD More - Zeefora\",\"isPartOf\":{\"@id\":\"https:\/\/zeefora.com\/playmais\/#website\"},\"primaryImageOfPage\":{\"@id\":\"https:\/\/zeefora.com\/playmais\/prodavnica\/classic-world\/morski-svet\/#primaryimage\"},\"image\":{\"@id\":\"https:\/\/zeefora.com\/playmais\/prodavnica\/classic-world\/morski-svet\/#primaryimage\"},\"thumbnailUrl\":\"https:\/\/zeefora.com\/playmais\/wp-content\/uploads\/2018\/09\/playmais-zeefora-playmais-srbija-playmais-cena-edukativna-igracka-poklon-za-rodjendan-poklon-za-decake-poklon-za-devojcice-ucenje-kroz-igru-zeefora-world-more.jpg\",\"datePublished\":\"2018-09-28T16:52:40+00:00\",\"dateModified\":\"2021-07-23T10:52:31+00:00\",\"breadcrumb\":{\"@id\":\"https:\/\/zeefora.com\/playmais\/prodavnica\/classic-world\/morski-svet\/#breadcrumb\"},\"inLanguage\":\"sr-RS\",\"potentialAction\":[{\"@type\":\"ReadAction\",\"target\":[\"https:\/\/zeefora.com\/playmais\/prodavnica\/classic-world\/morski-svet\/\"]}]},{\"@type\":\"ImageObject\",\"inLanguage\":\"sr-RS\",\"@id\":\"https:\/\/zeefora.com\/playmais\/prodavnica\/classic-world\/morski-svet\/#primaryimage\",\"url\":\"https:\/\/zeefora.com\/playmais\/wp-content\/uploads\/2018\/09\/playmais-zeefora-playmais-srbija-playmais-cena-edukativna-igracka-poklon-za-rodjendan-poklon-za-decake-poklon-za-devojcice-ucenje-kroz-igru-zeefora-world-more.jpg\",\"contentUrl\":\"https:\/\/zeefora.com\/playmais\/wp-content\/uploads\/2018\/09\/playmais-zeefora-playmais-srbija-playmais-cena-edukativna-igracka-poklon-za-rodjendan-poklon-za-decake-poklon-za-devojcice-ucenje-kroz-igru-zeefora-world-more.jpg\",\"width\":280,\"height\":304,\"caption\":\"MORSKI SVET\"},{\"@type\":\"BreadcrumbList\",\"@id\":\"https:\/\/zeefora.com\/playmais\/prodavnica\/classic-world\/morski-svet\/#breadcrumb\",\"itemListElement\":[{\"@type\":\"ListItem\",\"position\":1,\"name\":\"Home\",\"item\":\"https:\/\/zeefora.com\/playmais\/\"},{\"@type\":\"ListItem\",\"position\":2,\"name\":\"Proizvodi\",\"item\":\"https:\/\/zeefora.com\/playmais\/shop\/\"},{\"@type\":\"ListItem\",\"position\":3,\"name\":\"WORLD More\"}]},{\"@type\":\"WebSite\",\"@id\":\"https:\/\/zeefora.com\/playmais\/#website\",\"url\":\"https:\/\/zeefora.com\/playmais\/\",\"name\":\"Zeefora\",\"description\":\"\",\"publisher\":{\"@id\":\"https:\/\/zeefora.com\/playmais\/#organization\"},\"potentialAction\":[{\"@type\":\"SearchAction\",\"target\":{\"@type\":\"EntryPoint\",\"urlTemplate\":\"https:\/\/zeefora.com\/playmais\/?s={search_term_string}\"},\"query-input\":{\"@type\":\"PropertyValueSpecification\",\"valueRequired\":true,\"valueName\":\"search_term_string\"}}],\"inLanguage\":\"sr-RS\"},{\"@type\":\"Organization\",\"@id\":\"https:\/\/zeefora.com\/playmais\/#organization\",\"name\":\"Zeefora\",\"url\":\"https:\/\/zeefora.com\/playmais\/\",\"logo\":{\"@type\":\"ImageObject\",\"inLanguage\":\"sr-RS\",\"@id\":\"https:\/\/zeefora.com\/playmais\/#\/schema\/logo\/image\/\",\"url\":\"https:\/\/zeefora.com\/playmais\/wp-content\/uploads\/2018\/08\/PlayMais_Logo_sm.png\",\"contentUrl\":\"https:\/\/zeefora.com\/playmais\/wp-content\/uploads\/2018\/08\/PlayMais_Logo_sm.png\",\"width\":278,\"height\":94,\"caption\":\"Zeefora\"},\"image\":{\"@id\":\"https:\/\/zeefora.com\/playmais\/#\/schema\/logo\/image\/\"}}]}<\/script>\n<!-- \/ Yoast SEO plugin. -->","yoast_head_json":{"title":"WORLD More - Zeefora","robots":{"index":"index","follow":"follow","max-snippet":"max-snippet:-1","max-image-preview":"max-image-preview:large","max-video-preview":"max-video-preview:-1"},"canonical":"https:\/\/zeefora.com\/playmais\/prodavnica\/classic-world\/morski-svet\/","og_locale":"sr_RS","og_type":"article","og_title":"WORLD More - Zeefora","og_description":"Morski svet je namenjen deci starijoj od 5 godina.  Savr\u0161en poklon za de\u010dake i devoj\u010dice koji vole morske \u017eivotinje.  Uz pomo\u0107 1000 Playmais komadi\u0107a, kartonske pozadine, instrukcija i dodataka mali\u0161ani sami pravi ribice, hobotnice, korale i morske zvezde.  Za uzrast:\u00a05+  ...","og_url":"https:\/\/zeefora.com\/playmais\/prodavnica\/classic-world\/morski-svet\/","og_site_name":"Zeefora","article_modified_time":"2021-07-23T10:52:31+00:00","og_image":[{"width":280,"height":304,"url":"https:\/\/zeefora.com\/playmais\/wp-content\/uploads\/2018\/09\/playmais-zeefora-playmais-srbija-playmais-cena-edukativna-igracka-poklon-za-rodjendan-poklon-za-decake-poklon-za-devojcice-ucenje-kroz-igru-zeefora-world-more.jpg","type":"image\/jpeg"}],"twitter_card":"summary_large_image","schema":{"@context":"https:\/\/schema.org","@graph":[{"@type":"WebPage","@id":"https:\/\/zeefora.com\/playmais\/prodavnica\/classic-world\/morski-svet\/","url":"https:\/\/zeefora.com\/playmais\/prodavnica\/classic-world\/morski-svet\/","name":"WORLD More - Zeefora","isPartOf":{"@id":"https:\/\/zeefora.com\/playmais\/#website"},"primaryImageOfPage":{"@id":"https:\/\/zeefora.com\/playmais\/prodavnica\/classic-world\/morski-svet\/#primaryimage"},"image":{"@id":"https:\/\/zeefora.com\/playmais\/prodavnica\/classic-world\/morski-svet\/#primaryimage"},"thumbnailUrl":"https:\/\/zeefora.com\/playmais\/wp-content\/uploads\/2018\/09\/playmais-zeefora-playmais-srbija-playmais-cena-edukativna-igracka-poklon-za-rodjendan-poklon-za-decake-poklon-za-devojcice-ucenje-kroz-igru-zeefora-world-more.jpg","datePublished":"2018-09-28T16:52:40+00:00","dateModified":"2021-07-23T10:52:31+00:00","breadcrumb":{"@id":"https:\/\/zeefora.com\/playmais\/prodavnica\/classic-world\/morski-svet\/#breadcrumb"},"inLanguage":"sr-RS","potentialAction":[{"@type":"ReadAction","target":["https:\/\/zeefora.com\/playmais\/prodavnica\/classic-world\/morski-svet\/"]}]},{"@type":"ImageObject","inLanguage":"sr-RS","@id":"https:\/\/zeefora.com\/playmais\/prodavnica\/classic-world\/morski-svet\/#primaryimage","url":"https:\/\/zeefora.com\/playmais\/wp-content\/uploads\/2018\/09\/playmais-zeefora-playmais-srbija-playmais-cena-edukativna-igracka-poklon-za-rodjendan-poklon-za-decake-poklon-za-devojcice-ucenje-kroz-igru-zeefora-world-more.jpg","contentUrl":"https:\/\/zeefora.com\/playmais\/wp-content\/uploads\/2018\/09\/playmais-zeefora-playmais-srbija-playmais-cena-edukativna-igracka-poklon-za-rodjendan-poklon-za-decake-poklon-za-devojcice-ucenje-kroz-igru-zeefora-world-more.jpg","width":280,"height":304,"caption":"MORSKI SVET"},{"@type":"BreadcrumbList","@id":"https:\/\/zeefora.com\/playmais\/prodavnica\/classic-world\/morski-svet\/#breadcrumb","itemListElement":[{"@type":"ListItem","position":1,"name":"Home","item":"https:\/\/zeefora.com\/playmais\/"},{"@type":"ListItem","position":2,"name":"Proizvodi","item":"https:\/\/zeefora.com\/playmais\/shop\/"},{"@type":"ListItem","position":3,"name":"WORLD More"}]},{"@type":"WebSite","@id":"https:\/\/zeefora.com\/playmais\/#website","url":"https:\/\/zeefora.com\/playmais\/","name":"Zeefora","description":"","publisher":{"@id":"https:\/\/zeefora.com\/playmais\/#organization"},"potentialAction":[{"@type":"SearchAction","target":{"@type":"EntryPoint","urlTemplate":"https:\/\/zeefora.com\/playmais\/?s={search_term_string}"},"query-input":{"@type":"PropertyValueSpecification","valueRequired":true,"valueName":"search_term_string"}}],"inLanguage":"sr-RS"},{"@type":"Organization","@id":"https:\/\/zeefora.com\/playmais\/#organization","name":"Zeefora","url":"https:\/\/zeefora.com\/playmais\/","logo":{"@type":"ImageObject","inLanguage":"sr-RS","@id":"https:\/\/zeefora.com\/playmais\/#\/schema\/logo\/image\/","url":"https:\/\/zeefora.com\/playmais\/wp-content\/uploads\/2018\/08\/PlayMais_Logo_sm.png","contentUrl":"https:\/\/zeefora.com\/playmais\/wp-content\/uploads\/2018\/08\/PlayMais_Logo_sm.png","width":278,"height":94,"caption":"Zeefora"},"image":{"@id":"https:\/\/zeefora.com\/playmais\/#\/schema\/logo\/image\/"}}]}},"_links":{"self":[{"href":"https:\/\/zeefora.com\/playmais\/wp-json\/wp\/v2\/product\/358"}],"collection":[{"href":"https:\/\/zeefora.com\/playmais\/wp-json\/wp\/v2\/product"}],"about":[{"href":"https:\/\/zeefora.com\/playmais\/wp-json\/wp\/v2\/types\/product"}],"wp:featuredmedia":[{"embeddable":true,"href":"https:\/\/zeefora.com\/playmais\/wp-json\/wp\/v2\/media\/13938"}],"wp:attachment":[{"href":"https:\/\/zeefora.com\/playmais\/wp-json\/wp\/v2\/media?parent=358"}],"wp:term":[{"taxonomy":"product_brand","embeddable":true,"href":"https:\/\/zeefora.com\/playmais\/wp-json\/wp\/v2\/product_brand?post=358"},{"taxonomy":"product_cat","embeddable":true,"href":"https:\/\/zeefora.com\/playmais\/wp-json\/wp\/v2\/product_cat?post=358"},{"taxonomy":"product_tag","embeddable":true,"href":"https:\/\/zeefora.com\/playmais\/wp-json\/wp\/v2\/product_tag?post=358"}],"curies":[{"name":"wp","href":"https:\/\/api.w.org\/{rel}","templated":true}]}}